{"id":1109,"date":"2024-12-26T15:19:35","date_gmt":"2024-12-26T15:19:35","guid":{"rendered":"https:\/\/latis.tv\/?page_id=1109"},"modified":"2024-12-26T15:33:40","modified_gmt":"2024-12-26T15:33:40","slug":"daytona-100k","status":"publish","type":"page","link":"https:\/\/latis.tv\/index.php\/daytona-100k\/","title":{"rendered":"DAYTONA 100K"},"content":{"rendered":"<style>.elementor-1109 .elementor-element.elementor-element-d9e723c{--display:flex;--flex-direction:column;--container-widget-width:100%;--container-widget-height:initial;--container-widget-flex-grow:0;--container-widget-align-self:initial;--flex-wrap-mobile:wrap;overflow:visible;}.elementor-1109 .elementor-element.elementor-element-0a3cf9e{--display:flex;--flex-direction:column;--container-widget-width:100%;--container-widget-height:initial;--container-widget-flex-grow:0;--container-widget-align-self:initial;--flex-wrap-mobile:wrap;overflow:visible;}.elementor-1109 .elementor-element.elementor-element-9d26a6f{--display:flex;--flex-direction:column;--container-widget-width:100%;--container-widget-height:initial;--container-widget-flex-grow:0;--container-widget-align-self:initial;--flex-wrap-mobile:wrap;overflow:visible;}.elementor-1109 .elementor-element.elementor-element-d66ec29{--display:flex;--flex-direction:column;--container-widget-width:100%;--container-widget-height:initial;--container-widget-flex-grow:0;--container-widget-align-self:initial;--flex-wrap-mobile:wrap;overflow:visible;}<\/style>\t\t<div data-elementor-type=\"wp-page\" data-elementor-id=\"1109\" class=\"elementor elementor-1109\" data-elementor-post-type=\"page\">\n\t\t\t\t<div data-particle_enable=\"false\" data-particle-mobile-disabled=\"false\" class=\"elementor-element elementor-element-d9e723c e-flex e-con-boxed e-con e-parent\" data-id=\"d9e723c\" data-element_type=\"container\" data-settings=\"{&quot;ekit_has_onepagescroll_dot&quot;:&quot;yes&quot;}\">\n\t\t\t\t\t<div class=\"e-con-inner\">\n\t\t\t\t<div class=\"elementor-element elementor-element-ab8735e elementor-widget elementor-widget-image\" data-id=\"ab8735e\" data-element_type=\"widget\" data-settings=\"{&quot;ekit_we_effect_on&quot;:&quot;none&quot;}\" data-widget_type=\"image.default\">\n\t\t\t\t<div class=\"elementor-widget-container\">\n\t\t\t\t\t\t\t\t\t\t\t\t\t\t\t<img fetchpriority=\"high\" decoding=\"async\" width=\"1920\" height=\"500\" src=\"https:\/\/latis.tv\/wp-content\/uploads\/2024\/12\/banner-daytona-100k.png\" class=\"attachment-full size-full wp-image-1095\" alt=\"\" srcset=\"https:\/\/latis.tv\/wp-content\/uploads\/2024\/12\/banner-daytona-100k.png 1920w, https:\/\/latis.tv\/wp-content\/uploads\/2024\/12\/banner-daytona-100k-300x78.png 300w, https:\/\/latis.tv\/wp-content\/uploads\/2024\/12\/banner-daytona-100k-1024x267.png 1024w, https:\/\/latis.tv\/wp-content\/uploads\/2024\/12\/banner-daytona-100k-768x200.png 768w, https:\/\/latis.tv\/wp-content\/uploads\/2024\/12\/banner-daytona-100k-1536x400.png 1536w\" sizes=\"(max-width: 1920px) 100vw, 1920px\" \/>\t\t\t\t\t\t\t\t\t\t\t\t\t\t\t<\/div>\n\t\t\t\t<\/div>\n\t\t\t\t\t<\/div>\n\t\t\t\t<\/div>\n\t\t<div data-particle_enable=\"false\" data-particle-mobile-disabled=\"false\" class=\"elementor-element elementor-element-0a3cf9e e-flex e-con-boxed e-con e-parent\" data-id=\"0a3cf9e\" data-element_type=\"container\" data-settings=\"{&quot;ekit_has_onepagescroll_dot&quot;:&quot;yes&quot;}\">\n\t\t\t\t\t<div class=\"e-con-inner\">\n\t\t\t\t<div class=\"elementor-element elementor-element-9423010 elementor-widget elementor-widget-heading\" data-id=\"9423010\" data-element_type=\"widget\" data-settings=\"{&quot;ekit_we_effect_on&quot;:&quot;none&quot;}\" data-widget_type=\"heading.default\">\n\t\t\t\t<div class=\"elementor-widget-container\">\n\t\t\t\t\t<h2 class=\"elementor-heading-title elementor-size-default\">REGLAMENTO PARTICULAR DAYTONA 100K<\/h2>\t\t\t\t<\/div>\n\t\t\t\t<\/div>\n\t\t\t\t\t<\/div>\n\t\t\t\t<\/div>\n\t\t<div data-particle_enable=\"false\" data-particle-mobile-disabled=\"false\" class=\"elementor-element elementor-element-9d26a6f e-flex e-con-boxed e-con e-parent\" data-id=\"9d26a6f\" data-element_type=\"container\" data-settings=\"{&quot;ekit_has_onepagescroll_dot&quot;:&quot;yes&quot;}\">\n\t\t\t\t\t<div class=\"e-con-inner\">\n\t\t\t\t<div class=\"elementor-element elementor-element-9704498 elementor-widget elementor-widget-text-editor\" data-id=\"9704498\" data-element_type=\"widget\" data-settings=\"{&quot;ekit_we_effect_on&quot;:&quot;none&quot;}\" data-widget_type=\"text-editor.default\">\n\t\t\t\t<div class=\"elementor-widget-container\">\n\t\t\t\t\t\t\t\t\t<p><b>ARTICULO 1 .- PRESENTACI\u00d3N DEL EVENTO<\/b><\/p><p><b>1.1.-<\/b> El evento #Daytona100K es un evento organizado por Latinoamerica SimRacing Series (LATIS)<br \/><b>1.2.-<\/b> El evento sigue todas las reglamentaciones que LATIS tiene publicada en su web oficial, adem\u00e1s de los codigos de comportamiento de iRacing.com.<br \/><b>1.3.-<\/b> El evento es de caracter invitacional por lo tanto la organizaci\u00f3n se guarda el derecho de enviar las invitaciones correspondientes a los participantes del evento.<\/p><p>\u00a0<\/p><p><b>ARTICULO 2.- CARACTERISTICAS DEL EVENTO.<\/b><\/p><p><b>2.1.-<\/b> El veh\u00edculo que se utilizar\u00e1 para la competencia es el<b> Porsche 911 RSR GTE<br \/><\/b><b>2.2.- <\/b>El circuito ser\u00e1 el<b> Daytona International Speedway Road Course<br \/><\/b><b>2.3.- <\/b>La duraci\u00f3n del evento principal ser\u00e1 de 100 Kilometros.<br \/><b>2.4.-<\/b>\u00a0El setup ser\u00e1 Fixed, proporcionado por la administraci\u00f3n (en practicas oficiales).<br \/><b>2.5.-<\/b> Las banderas amarillas totales (uso de safetycar) estar\u00e1 habilitado autom\u00e1tico por el simulador, en caso de accidentes.<br \/><b>2.6.-<\/b> En caso de salir el SC las vueltas no contar\u00e1n, manteni\u00e9ndose la duraci\u00f3n del evento en 100 Kilometros efectivos.<br \/><b>2.7.-<\/b> El clima y tiempo ser\u00e1 din\u00e1mico y aleatorio, la cantidad de incidentes totales es de x15.<\/p><p>\u00a0<\/p><p><b>ARTICULO 3.- CRONOLOG\u00cdA<\/b><\/p><p><strong>3.1.-<\/strong> La cronolog\u00eda del evento principal es la siguiente:<\/p><p>Horario Chileno\/Argentino (GMT -3)<\/p><p>APERTURA DE HOST \u2192 21:00 hrs (GMT -3)<br \/>PRACTICA OFICIAL \u2192 21:00 hrs (GMT -3) \u2192\u00a0 1 hora 10 min.<br \/>CLASIFICACI\u00d3N \u2192 22:10 hrs (GMT -3) \u2192\u00a0 20 min.<br \/>CARRERA \u2192 22:30 hrs (GMT -3) \u2192\u00a0 100 kilometros (17 vueltas)<\/p><p>\u00a0<\/p><p><b>ARTICULO 4.- SESIONES<\/b><\/p><p><b>4.1.- Practica Oficial:\u00a0<\/b>Momento en el cual los pilotos podr\u00e1n girar en pista bajo la normativa de LATIS para acomodarse al setup y a las condiciones del auto\/circuito.<br \/><strong>4.2.- Reuni\u00f3n de Pilotos:\u00a0<\/strong>La reuni\u00f3n de pilotos se realiza por el Chat de Voz de iRacing, por lo tanto es necesario que todos los pilotos tengan activado el audio del spotter los \u00faltimos 10 minutos de la practica oficial. En estos 10 minutos finales de la practica oficial el RaceControl cerrar\u00e1 la pista con un mensaje de voz y por chat de -PISTA CERRADA &#8211; REUNION DE PILOTOS-<br \/><strong>4.3.- Clasificaci\u00f3n: <\/strong>La clasificaci\u00f3n ser\u00e1 abierta, los pilotos tendr\u00e1n 20 minutos y vueltas libres para marcar crono.\u00a0<br \/><strong>4.4.- Carrera:\u00a0<\/strong>La carrera tendr\u00e1 una duraci\u00f3n de 100 Kilometros (17 vueltas)<\/p><p>\u00a0<\/p><p><b>ARTICULO 5.- CALENDARIO<\/b><\/p><p><strong>5.1.- <\/strong>La organizaci\u00f3n dispondr\u00e1 de varias sesiones de practica oficiales durante el mes de enero previo a la competencia. A continuaci\u00f3n las fechas y horarios:<\/p><p>25 de Enero \u2192\u00a0 Practica Oficial 1 \u2192 Apertura de Host: 21:00 horas (GMT -3)<br \/>26 de Enero \u2192\u00a0 Practica Oficial 2 \u2192 Apertura de Host: 21:00 horas (GMT -3)<br \/>27 de Enero \u2192\u00a0 Practica Oficial 3 (Transmitida) \u2192 Apertura de Host: 22:00 horas (GMT -3)<br \/>28 de Enero \u2192\u00a0 Daytona100K (Transmitida)<\/p><p>Practica Oficial 1 y 2 (2 horas de duraci\u00f3n)\u00a0<br \/>Practica Oficial 3 (1 hora 10 minutos de duraci\u00f3n)\u00a0<\/p><p>\u00a0<\/p><p><b>ARTICULO 6.- PUBLICIDAD Y LIVERY<\/b><\/p><p><strong>6.1.-<\/strong> Todos los pilotos deben llevar en el parabrisas la publicidad de EFO Racing con el fondo blanco.<br \/><strong>6.2.-<\/strong> El t\u00e9mplate base lo pueden descargar <a href=\"http:\/\/proximamente\" data-wplink-url-error=\"true\">clickeando aqui<\/a><br \/><strong>6.3.-<\/strong> No se permite publicidad religiosa, pol\u00edtica o sexual. La administraci\u00f3n se guarda el derecho de aceptar o rechazar la participaci\u00f3n por no cumplir este punto.<\/p><p><b>\u00a0<\/b><\/p>\t\t\t\t\t\t\t\t<\/div>\n\t\t\t\t<\/div>\n\t\t\t\t\t<\/div>\n\t\t\t\t<\/div>\n\t\t<div data-particle_enable=\"false\" data-particle-mobile-disabled=\"false\" class=\"elementor-element elementor-element-d66ec29 e-flex e-con-boxed e-con e-parent\" data-id=\"d66ec29\" data-element_type=\"container\" data-settings=\"{&quot;ekit_has_onepagescroll_dot&quot;:&quot;yes&quot;}\">\n\t\t\t\t\t<div class=\"e-con-inner\">\n\t\t\t\t<div class=\"elementor-element elementor-element-3dc0523 elementor-widget elementor-widget-text-editor\" data-id=\"3dc0523\" data-element_type=\"widget\" data-settings=\"{&quot;ekit_we_effect_on&quot;:&quot;none&quot;}\" data-widget_type=\"text-editor.default\">\n\t\t\t\t<div class=\"elementor-widget-container\">\n\t\t\t\t\t\t\t\t\t<p><b>LISTADO DE CONFIRMADOS DAYTONA100K 2024<\/b><\/p><p><br><\/p>\t\t\t\t\t\t\t\t<\/div>\n\t\t\t\t<\/div>\n\t\t\t\t\t<\/div>\n\t\t\t\t<\/div>\n\t\t\t\t<\/div>\n\t\t","protected":false},"excerpt":{"rendered":"<p>REGLAMENTO PARTICULAR DAYTONA 100K ARTICULO 1 .- PRESENTACI\u00d3N DEL EVENTO 1.1.- El evento #Daytona100K es un evento organizado por Latinoamerica SimRacing Series (LATIS)1.2.- El evento sigue todas las reglamentaciones que LATIS tiene publicada en su web oficial, adem\u00e1s de los codigos de comportamiento de iRacing.com.1.3.- El evento es de caracter invitacional por lo tanto la [&hellip;]<\/p>\n","protected":false},"author":2,"featured_media":0,"parent":0,"menu_order":0,"comment_status":"closed","ping_status":"closed","template":"","meta":{"_monsterinsights_skip_tracking":false,"_monsterinsights_sitenote_active":false,"_monsterinsights_sitenote_note":"","_monsterinsights_sitenote_category":0,"footnotes":""},"yoast_head":"<!-- This site is optimized with the Yoast SEO Premium plugin v23.2 (Yoast SEO v23.2) - https:\/\/yoast.com\/wordpress\/plugins\/seo\/ -->\n<title>DAYTONA 100K - latis.tv<\/title>\n<meta name=\"robots\" content=\"index, follow, max-snippet:-1, max-image-preview:large, max-video-preview:-1\" \/>\n<link rel=\"canonical\" href=\"https:\/\/latis.tv\/index.php\/daytona-100k\/\" \/>\n<meta property=\"og:locale\" content=\"es_ES\" \/>\n<meta property=\"og:type\" content=\"article\" \/>\n<meta property=\"og:title\" content=\"DAYTONA 100K\" \/>\n<meta property=\"og:description\" content=\"REGLAMENTO PARTICULAR DAYTONA 100K ARTICULO 1 .- PRESENTACI\u00d3N DEL EVENTO 1.1.- El evento #Daytona100K es un evento organizado por Latinoamerica SimRacing Series (LATIS)1.2.- El evento sigue todas las reglamentaciones que LATIS tiene publicada en su web oficial, adem\u00e1s de los codigos de comportamiento de iRacing.com.1.3.- El evento es de caracter invitacional por lo tanto la [&hellip;]\" \/>\n<meta property=\"og:url\" content=\"https:\/\/latis.tv\/index.php\/daytona-100k\/\" \/>\n<meta property=\"og:site_name\" content=\"latis.tv\" \/>\n<meta property=\"article:modified_time\" content=\"2024-12-26T15:33:40+00:00\" \/>\n<meta property=\"og:image\" content=\"https:\/\/latis.tv\/wp-content\/uploads\/2024\/12\/banner-daytona-100k.png\" \/>\n<meta name=\"twitter:card\" content=\"summary_large_image\" \/>\n<meta name=\"twitter:label1\" content=\"Tiempo estimado de lectura\" \/>\n\t<meta name=\"twitter:data1\" content=\"3 minutos\" \/>\n<script type=\"application\/ld+json\" class=\"yoast-schema-graph\">{\"@context\":\"https:\/\/schema.org\",\"@graph\":[{\"@type\":\"WebPage\",\"@id\":\"https:\/\/latis.tv\/index.php\/daytona-100k\/\",\"url\":\"https:\/\/latis.tv\/index.php\/daytona-100k\/\",\"name\":\"DAYTONA 100K - latis.tv\",\"isPartOf\":{\"@id\":\"https:\/\/latis.tv\/#website\"},\"primaryImageOfPage\":{\"@id\":\"https:\/\/latis.tv\/index.php\/daytona-100k\/#primaryimage\"},\"image\":{\"@id\":\"https:\/\/latis.tv\/index.php\/daytona-100k\/#primaryimage\"},\"thumbnailUrl\":\"https:\/\/latis.tv\/wp-content\/uploads\/2024\/12\/banner-daytona-100k.png\",\"datePublished\":\"2024-12-26T15:19:35+00:00\",\"dateModified\":\"2024-12-26T15:33:40+00:00\",\"breadcrumb\":{\"@id\":\"https:\/\/latis.tv\/index.php\/daytona-100k\/#breadcrumb\"},\"inLanguage\":\"es-CL\",\"potentialAction\":[{\"@type\":\"ReadAction\",\"target\":[\"https:\/\/latis.tv\/index.php\/daytona-100k\/\"]}]},{\"@type\":\"ImageObject\",\"inLanguage\":\"es-CL\",\"@id\":\"https:\/\/latis.tv\/index.php\/daytona-100k\/#primaryimage\",\"url\":\"https:\/\/latis.tv\/wp-content\/uploads\/2024\/12\/banner-daytona-100k.png\",\"contentUrl\":\"https:\/\/latis.tv\/wp-content\/uploads\/2024\/12\/banner-daytona-100k.png\",\"width\":1920,\"height\":500},{\"@type\":\"BreadcrumbList\",\"@id\":\"https:\/\/latis.tv\/index.php\/daytona-100k\/#breadcrumb\",\"itemListElement\":[{\"@type\":\"ListItem\",\"position\":1,\"name\":\"Portada\",\"item\":\"https:\/\/latis.tv\/\"},{\"@type\":\"ListItem\",\"position\":2,\"name\":\"DAYTONA 100K\"}]},{\"@type\":\"WebSite\",\"@id\":\"https:\/\/latis.tv\/#website\",\"url\":\"https:\/\/latis.tv\/\",\"name\":\"latis.tv\",\"description\":\"\",\"publisher\":{\"@id\":\"https:\/\/latis.tv\/#organization\"},\"potentialAction\":[{\"@type\":\"SearchAction\",\"target\":{\"@type\":\"EntryPoint\",\"urlTemplate\":\"https:\/\/latis.tv\/?s={search_term_string}\"},\"query-input\":\"required name=search_term_string\"}],\"inLanguage\":\"es-CL\"},{\"@type\":\"Organization\",\"@id\":\"https:\/\/latis.tv\/#organization\",\"name\":\"latis.tv\",\"url\":\"https:\/\/latis.tv\/\",\"logo\":{\"@type\":\"ImageObject\",\"inLanguage\":\"es-CL\",\"@id\":\"https:\/\/latis.tv\/#\/schema\/logo\/image\/\",\"url\":\"https:\/\/latis.tv\/wp-content\/uploads\/2024\/03\/Logo-nigga.png\",\"contentUrl\":\"https:\/\/latis.tv\/wp-content\/uploads\/2024\/03\/Logo-nigga.png\",\"width\":1920,\"height\":1080,\"caption\":\"latis.tv\"},\"image\":{\"@id\":\"https:\/\/latis.tv\/#\/schema\/logo\/image\/\"}}]}<\/script>\n<!-- \/ Yoast SEO Premium plugin. -->","yoast_head_json":{"title":"DAYTONA 100K - latis.tv","robots":{"index":"index","follow":"follow","max-snippet":"max-snippet:-1","max-image-preview":"max-image-preview:large","max-video-preview":"max-video-preview:-1"},"canonical":"https:\/\/latis.tv\/index.php\/daytona-100k\/","og_locale":"es_ES","og_type":"article","og_title":"DAYTONA 100K","og_description":"REGLAMENTO PARTICULAR DAYTONA 100K ARTICULO 1 .- PRESENTACI\u00d3N DEL EVENTO 1.1.- El evento #Daytona100K es un evento organizado por Latinoamerica SimRacing Series (LATIS)1.2.- El evento sigue todas las reglamentaciones que LATIS tiene publicada en su web oficial, adem\u00e1s de los codigos de comportamiento de iRacing.com.1.3.- El evento es de caracter invitacional por lo tanto la [&hellip;]","og_url":"https:\/\/latis.tv\/index.php\/daytona-100k\/","og_site_name":"latis.tv","article_modified_time":"2024-12-26T15:33:40+00:00","og_image":[{"url":"https:\/\/latis.tv\/wp-content\/uploads\/2024\/12\/banner-daytona-100k.png"}],"twitter_card":"summary_large_image","twitter_misc":{"Tiempo estimado de lectura":"3 minutos"},"schema":{"@context":"https:\/\/schema.org","@graph":[{"@type":"WebPage","@id":"https:\/\/latis.tv\/index.php\/daytona-100k\/","url":"https:\/\/latis.tv\/index.php\/daytona-100k\/","name":"DAYTONA 100K - latis.tv","isPartOf":{"@id":"https:\/\/latis.tv\/#website"},"primaryImageOfPage":{"@id":"https:\/\/latis.tv\/index.php\/daytona-100k\/#primaryimage"},"image":{"@id":"https:\/\/latis.tv\/index.php\/daytona-100k\/#primaryimage"},"thumbnailUrl":"https:\/\/latis.tv\/wp-content\/uploads\/2024\/12\/banner-daytona-100k.png","datePublished":"2024-12-26T15:19:35+00:00","dateModified":"2024-12-26T15:33:40+00:00","breadcrumb":{"@id":"https:\/\/latis.tv\/index.php\/daytona-100k\/#breadcrumb"},"inLanguage":"es-CL","potentialAction":[{"@type":"ReadAction","target":["https:\/\/latis.tv\/index.php\/daytona-100k\/"]}]},{"@type":"ImageObject","inLanguage":"es-CL","@id":"https:\/\/latis.tv\/index.php\/daytona-100k\/#primaryimage","url":"https:\/\/latis.tv\/wp-content\/uploads\/2024\/12\/banner-daytona-100k.png","contentUrl":"https:\/\/latis.tv\/wp-content\/uploads\/2024\/12\/banner-daytona-100k.png","width":1920,"height":500},{"@type":"BreadcrumbList","@id":"https:\/\/latis.tv\/index.php\/daytona-100k\/#breadcrumb","itemListElement":[{"@type":"ListItem","position":1,"name":"Portada","item":"https:\/\/latis.tv\/"},{"@type":"ListItem","position":2,"name":"DAYTONA 100K"}]},{"@type":"WebSite","@id":"https:\/\/latis.tv\/#website","url":"https:\/\/latis.tv\/","name":"latis.tv","description":"","publisher":{"@id":"https:\/\/latis.tv\/#organization"},"potentialAction":[{"@type":"SearchAction","target":{"@type":"EntryPoint","urlTemplate":"https:\/\/latis.tv\/?s={search_term_string}"},"query-input":"required name=search_term_string"}],"inLanguage":"es-CL"},{"@type":"Organization","@id":"https:\/\/latis.tv\/#organization","name":"latis.tv","url":"https:\/\/latis.tv\/","logo":{"@type":"ImageObject","inLanguage":"es-CL","@id":"https:\/\/latis.tv\/#\/schema\/logo\/image\/","url":"https:\/\/latis.tv\/wp-content\/uploads\/2024\/03\/Logo-nigga.png","contentUrl":"https:\/\/latis.tv\/wp-content\/uploads\/2024\/03\/Logo-nigga.png","width":1920,"height":1080,"caption":"latis.tv"},"image":{"@id":"https:\/\/latis.tv\/#\/schema\/logo\/image\/"}}]}},"_links":{"self":[{"href":"https:\/\/latis.tv\/index.php\/wp-json\/wp\/v2\/pages\/1109"}],"collection":[{"href":"https:\/\/latis.tv\/index.php\/wp-json\/wp\/v2\/pages"}],"about":[{"href":"https:\/\/latis.tv\/index.php\/wp-json\/wp\/v2\/types\/page"}],"author":[{"embeddable":true,"href":"https:\/\/latis.tv\/index.php\/wp-json\/wp\/v2\/users\/2"}],"replies":[{"embeddable":true,"href":"https:\/\/latis.tv\/index.php\/wp-json\/wp\/v2\/comments?post=1109"}],"version-history":[{"count":11,"href":"https:\/\/latis.tv\/index.php\/wp-json\/wp\/v2\/pages\/1109\/revisions"}],"predecessor-version":[{"id":1120,"href":"https:\/\/latis.tv\/index.php\/wp-json\/wp\/v2\/pages\/1109\/revisions\/1120"}],"wp:attachment":[{"href":"https:\/\/latis.tv\/index.php\/wp-json\/wp\/v2\/media?parent=1109"}],"curies":[{"name":"wp","href":"https:\/\/api.w.org\/{rel}","templated":true}]}}